{"id":1845,"date":"2020-07-03T19:11:17","date_gmt":"2020-07-03T17:11:17","guid":{"rendered":"http:\/\/www.nadaciakrestanskaobnova.sk\/?page_id=1845"},"modified":"2020-07-03T19:11:17","modified_gmt":"2020-07-03T17:11:17","slug":"gratulacia-manzelom-voldanovcom","status":"publish","type":"page","link":"http:\/\/www.nadaciakrestanskaobnova.sk\/?page_id=1845","title":{"rendered":"Gratul\u00e1cia man\u017eelom Vold\u00e1novcom"},"content":{"rendered":"<p>Na slu\u017eb\u00e1ch Bo\u017e\u00edch 28.6.2020 sme osl\u00e1vili spolu s osl\u00e1vencami<\/p>\n<p>pani <em><span style=\"color: #008080;\">MUDr. O\u013egou Vold\u00e1novou<\/span><\/em> a jej man\u017eelom p\u00e1nom <em><span style=\"color: #008080;\">Ing. B\u0159etislavom Vold\u00e1nom<\/span><\/em><\/p>\n<p>50.v\u00fdro\u010die ich spolo\u010dnej man\u017eelskej cesty \u017eivotom.<\/p>\n<p><em>Srde\u010dne blaho\u017eel\u00e1me!<\/em><\/p>\n<p>Nad\u00e1cia Kres\u0165ansk\u00e1 obnova<\/p>\n<p>CZ ECAV\u00a0 Kremnica, dc\u00e9rocirkev \u017diar nad Hronom<\/p>\n<p>&nbsp;<\/p>\n<p><a href=\"http:\/\/www.nadaciakrestanskaobnova.sk\/wp-content\/uploads\/2020\/07\/IMG-20200628-WA0011.jpg\" target=\"_blank\" rel=\"noopener noreferrer\"><img loading=\"lazy\" decoding=\"async\" class=\"alignnone wp-image-1837 size-thumbnail\" src=\"http:\/\/www.nadaciakrestanskaobnova.sk\/wp-content\/uploads\/2020\/07\/IMG-20200628-WA0011-150x150.jpg\" alt=\"\" width=\"150\" height=\"150\" \/><\/a><\/p>\n<p><a href=\"http:\/\/www.nadaciakrestanskaobnova.sk\/wp-content\/uploads\/2020\/07\/IMG-20200628-WA0012.jpg\" target=\"_blank\" rel=\"noopener noreferrer\"><img loading=\"lazy\" decoding=\"async\" class=\"alignnone wp-image-1841 size-thumbnail\" src=\"http:\/\/www.nadaciakrestanskaobnova.sk\/wp-content\/uploads\/2020\/07\/IMG-20200628-WA0012-150x150.jpg\" alt=\"\" width=\"150\" height=\"150\" \/><\/a><\/p>\n<p><a href=\"http:\/\/www.nadaciakrestanskaobnova.sk\/wp-content\/uploads\/2020\/07\/IMG-20200628-WA0010.jpg\" target=\"_blank\" rel=\"noopener noreferrer\"><img loading=\"lazy\" decoding=\"async\" class=\"alignnone wp-image-1840 size-thumbnail\" src=\"http:\/\/www.nadaciakrestanskaobnova.sk\/wp-content\/uploads\/2020\/07\/IMG-20200628-WA0010-150x150.jpg\" alt=\"\" width=\"150\" height=\"150\" \/><\/a><\/p>\n","protected":false},"excerpt":{"rendered":"<p>Na slu\u017eb\u00e1ch Bo\u017e\u00edch 28.6.2020 sme osl\u00e1vili spolu s osl\u00e1vencami pani MUDr. O\u013egou Vold\u00e1novou a jej man\u017eelom p\u00e1nom Ing. B\u0159etislavom Vold\u00e1nom 50.v\u00fdro\u010die ich spolo\u010dnej man\u017eelskej cesty \u017eivotom. Srde\u010dne blaho\u017eel\u00e1me! Nad\u00e1cia Kres\u0165ansk\u00e1 obnova CZ ECAV\u00a0 Kremnica, dc\u00e9rocirkev \u017diar nad Hronom &nbsp;<\/p>\n","protected":false},"author":1,"featured_media":0,"parent":0,"menu_order":0,"comment_status":"closed","ping_status":"closed","template":"","meta":{"footnotes":""},"class_list":["post-1845","page","type-page","status-publish","hentry"],"_links":{"self":[{"href":"http:\/\/www.nadaciakrestanskaobnova.sk\/index.php?rest_route=\/wp\/v2\/pages\/1845","targetHints":{"allow":["GET"]}}],"collection":[{"href":"http:\/\/www.nadaciakrestanskaobnova.sk\/index.php?rest_route=\/wp\/v2\/pages"}],"about":[{"href":"http:\/\/www.nadaciakrestanskaobnova.sk\/index.php?rest_route=\/wp\/v2\/types\/page"}],"author":[{"embeddable":true,"href":"http:\/\/www.nadaciakrestanskaobnova.sk\/index.php?rest_route=\/wp\/v2\/users\/1"}],"replies":[{"embeddable":true,"href":"http:\/\/www.nadaciakrestanskaobnova.sk\/index.php?rest_route=%2Fwp%2Fv2%2Fcomments&post=1845"}],"version-history":[{"count":1,"href":"http:\/\/www.nadaciakrestanskaobnova.sk\/index.php?rest_route=\/wp\/v2\/pages\/1845\/revisions"}],"predecessor-version":[{"id":1847,"href":"http:\/\/www.nadaciakrestanskaobnova.sk\/index.php?rest_route=\/wp\/v2\/pages\/1845\/revisions\/1847"}],"wp:attachment":[{"href":"http:\/\/www.nadaciakrestanskaobnova.sk\/index.php?rest_route=%2Fwp%2Fv2%2Fmedia&parent=1845"}],"curies":[{"name":"wp","href":"https:\/\/api.w.org\/{rel}","templated":true}]}}

Gratulácia manželom Voldánovcom

<p>Na službách Božích 28.6.2020 sme oslávili spolu s oslávencami</p>
<p>pani <em><span style="color: #008080;">MUDr. Oľgou Voldánovou</span></em> a jej manželom pánom <em><span style="color: #008080;">Ing. Břetislavom Voldánom</span></em></p>
<p>50.výročie ich spoločnej manželskej cesty životom.</p>
<p><em>Srdečne blahoželáme!</em></p>
<p>Nadácia Kresťanská obnova</p>
<p>CZ ECAV  Kremnica, dcérocirkev Žiar nad Hronom</p>
<p>&nbsp;</p>
<p><a href="http://www.nadaciakrestanskaobnova.sk/wp-content/uploads/2020/07/IMG-20200628-WA0011.jpg" target="_blank" rel="noopener noreferrer"><img loading="lazy" decoding="async" class="alignnone wp-image-1837 size-thumbnail" src="http://www.nadaciakrestanskaobnova.sk/wp-content/uploads/2020/07/IMG-20200628-WA0011-150x150.jpg" alt="" width="150" height="150" /></a></p>
<p><a href="http://www.nadaciakrestanskaobnova.sk/wp-content/uploads/2020/07/IMG-20200628-WA0012.jpg" target="_blank" rel="noopener noreferrer"><img loading="lazy" decoding="async" class="alignnone wp-image-1841 size-thumbnail" src="http://www.nadaciakrestanskaobnova.sk/wp-content/uploads/2020/07/IMG-20200628-WA0012-150x150.jpg" alt="" width="150" height="150" /></a></p>
<p><a href="http://www.nadaciakrestanskaobnova.sk/wp-content/uploads/2020/07/IMG-20200628-WA0010.jpg" target="_blank" rel="noopener noreferrer"><img loading="lazy" decoding="async" class="alignnone wp-image-1840 size-thumbnail" src="http://www.nadaciakrestanskaobnova.sk/wp-content/uploads/2020/07/IMG-20200628-WA0010-150x150.jpg" alt="" width="150" height="150" /></a></p>

<p>Na službách Božích 28.6.2020 sme oslávili spolu s oslávencami pani MUDr. Oľgou Voldánovou a jej manželom pánom Ing. Břetislavom Voldánom 50.výročie ich spoločnej manželskej cesty životom. Srdečne blahoželáme! Nadácia Kresťanská obnova CZ ECAV  Kremnica, dcérocirkev Žiar nad Hronom &nbsp;</p>
