{"id":6,"date":"2016-07-03T11:42:53","date_gmt":"2016-07-03T09:42:53","guid":{"rendered":"http:\/\/www.nadaciakrestanskaobnova.sk\/?page_id=6"},"modified":"2016-08-09T01:12:59","modified_gmt":"2016-08-08T23:12:59","slug":"historia","status":"publish","type":"page","link":"http:\/\/www.nadaciakrestanskaobnova.sk\/?page_id=6","title":{"rendered":"Hist\u00f3ria"},"content":{"rendered":"<div id=\"attachment_150\" style=\"width: 289px\" class=\"wp-caption alignleft\"><img loading=\"lazy\" decoding=\"async\" aria-describedby=\"caption-attachment-150\" class=\"wp-image-150 size-medium\" src=\"http:\/\/www.nadaciakrestanskaobnova.sk\/wp-content\/uploads\/2016\/07\/558px-Luther46c-279x300.jpg\" alt=\"Martin Luther (*1483 + 1546)\" width=\"279\" height=\"300\" srcset=\"http:\/\/www.nadaciakrestanskaobnova.sk\/wp-content\/uploads\/2016\/07\/558px-Luther46c-279x300.jpg 279w, http:\/\/www.nadaciakrestanskaobnova.sk\/wp-content\/uploads\/2016\/07\/558px-Luther46c.jpg 558w\" sizes=\"auto, (max-width: 279px) 100vw, 279px\" \/><p id=\"caption-attachment-150\" class=\"wp-caption-text\">Martin Luther (*1483 + 1546)<\/p><\/div>\n<p><img loading=\"lazy\" decoding=\"async\" class=\"size-medium wp-image-229 alignleft\" src=\"http:\/\/www.nadaciakrestanskaobnova.sk\/wp-content\/uploads\/2016\/07\/1282px-Martin_Luther_Signature.svg_-300x60.png\" alt=\"1282px-Martin_Luther_Signature.svg\" width=\"300\" height=\"60\" srcset=\"http:\/\/www.nadaciakrestanskaobnova.sk\/wp-content\/uploads\/2016\/07\/1282px-Martin_Luther_Signature.svg_-300x60.png 300w, http:\/\/www.nadaciakrestanskaobnova.sk\/wp-content\/uploads\/2016\/07\/1282px-Martin_Luther_Signature.svg_-768x155.png 768w, http:\/\/www.nadaciakrestanskaobnova.sk\/wp-content\/uploads\/2016\/07\/1282px-Martin_Luther_Signature.svg_-1024x206.png 1024w, http:\/\/www.nadaciakrestanskaobnova.sk\/wp-content\/uploads\/2016\/07\/1282px-Martin_Luther_Signature.svg_.png 1282w\" sizes=\"auto, (max-width: 300px) 100vw, 300px\" \/><\/p>\n<p style=\"text-align: justify;\">Do <strong>Kremnice<\/strong> reform\u00e1cia pri\u0161la u\u017e v roku 1518 prostredn\u00edctvom nemeck\u00fdch usadl\u00edkov &#8211; ban\u00edckych odborn\u00edkov. V roku 1528 bolo u\u017e cel\u00e9 mesto evanjelick\u00e9.<\/p>\n<p style=\"text-align: justify;\">V roku 1649 sa za\u010dala siln\u00e1 protireform\u00e1cia. A\u017e po <a href=\"http:\/\/www.nadaciakrestanskaobnova.sk\/?p=89\"><em>\u0161opronskom sneme<\/em><\/a> nastalo pre evanjelikov uvo\u013enenie. V roku 1688 si u\u017e mohli kremnick\u00ed evanjelici postavi\u0165 mimo mesta kostol s farou a \u0161kolou. U\u017e\u00edvali ho potom 136 rokov. V rokoch 1824 &#8211; 1826 postavili na tom istom mieste nov\u00fd kostol, ktor\u00fd sl\u00fa\u017ei dodnes.<\/p>\n<p style=\"text-align: justify;\">Do roku 1946 boli v <strong>Kremnici<\/strong> dva evanjelick\u00e9 cirkevn\u00e9 zbory &#8211; nemeck\u00fd a slovensk\u00fd. V roku 1923 bol postaven\u00fd evanjelick\u00fd kostol aj v obci L\u00fa\u010dky. Sl\u00fa\u017eil miestnym nemeck\u00fdm osadn\u00edkom do roku 1946, potom bol dlho opusten\u00fd. Teraz patr\u00ed <strong>Nad\u00e1ci\u00ed Kres\u0165ansk\u00e1 obnova (NKOZH)<\/strong>. Ve\u013emi potrebuje obnovu, ale teraz e\u0161te NKO ZH nem\u00e1 pre tento \u00fa\u010del dos\u0165 financi\u00ed.<\/p>\n<p style=\"text-align: justify;\"><strong>F\u00edlia v \u017diari nad Hronom<\/strong> vznikla v roku 1990. V meste biskupa \u0160tefana Moyzesa sa pri s\u010d\u00edtan\u00ed \u013eudu k evanjelickej cirkvi prihl\u00e1silo 622 veriacich.<\/p>\n<p>&nbsp;<\/p>\n","protected":false},"excerpt":{"rendered":"<p>Do Kremnice reform\u00e1cia pri\u0161la u\u017e v roku 1518 prostredn\u00edctvom nemeck\u00fdch usadl\u00edkov &#8211; ban\u00edckych odborn\u00edkov. V roku 1528 bolo u\u017e cel\u00e9 mesto evanjelick\u00e9. V roku 1649 sa za\u010dala siln\u00e1 protireform\u00e1cia. A\u017e po \u0161opronskom sneme nastalo pre evanjelikov uvo\u013enenie. V roku 1688 &hellip; <a href=\"http:\/\/www.nadaciakrestanskaobnova.sk\/?page_id=6\">Pokra\u010dova\u0165 v \u010d\u00edtan\u00ed <span class=\"meta-nav\">&rarr;<\/span><\/a><\/p>\n","protected":false},"author":1,"featured_media":0,"parent":0,"menu_order":0,"comment_status":"closed","ping_status":"closed","template":"","meta":{"footnotes":""},"class_list":["post-6","page","type-page","status-publish","hentry"],"_links":{"self":[{"href":"http:\/\/www.nadaciakrestanskaobnova.sk\/index.php?rest_route=\/wp\/v2\/pages\/6","targetHints":{"allow":["GET"]}}],"collection":[{"href":"http:\/\/www.nadaciakrestanskaobnova.sk\/index.php?rest_route=\/wp\/v2\/pages"}],"about":[{"href":"http:\/\/www.nadaciakrestanskaobnova.sk\/index.php?rest_route=\/wp\/v2\/types\/page"}],"author":[{"embeddable":true,"href":"http:\/\/www.nadaciakrestanskaobnova.sk\/index.php?rest_route=\/wp\/v2\/users\/1"}],"replies":[{"embeddable":true,"href":"http:\/\/www.nadaciakrestanskaobnova.sk\/index.php?rest_route=%2Fwp%2Fv2%2Fcomments&post=6"}],"version-history":[{"count":12,"href":"http:\/\/www.nadaciakrestanskaobnova.sk\/index.php?rest_route=\/wp\/v2\/pages\/6\/revisions"}],"predecessor-version":[{"id":230,"href":"http:\/\/www.nadaciakrestanskaobnova.sk\/index.php?rest_route=\/wp\/v2\/pages\/6\/revisions\/230"}],"wp:attachment":[{"href":"http:\/\/www.nadaciakrestanskaobnova.sk\/index.php?rest_route=%2Fwp%2Fv2%2Fmedia&parent=6"}],"curies":[{"name":"wp","href":"https:\/\/api.w.org\/{rel}","templated":true}]}}