{"id":96,"date":"2016-07-09T19:54:35","date_gmt":"2016-07-09T17:54:35","guid":{"rendered":"http:\/\/www.nadaciakrestanskaobnova.sk\/?page_id=96"},"modified":"2021-03-05T23:22:24","modified_gmt":"2021-03-05T21:22:24","slug":"2-z-dani","status":"publish","type":"page","link":"http:\/\/www.nadaciakrestanskaobnova.sk\/?page_id=96","title":{"rendered":"2 % z dan\u00ed"},"content":{"rendered":"<h2><span style=\"color: #339966;\"><em>\u00dadaje o prij\u00edmate\u013eovi\u00a0 2% z dane:<\/em><\/span><\/h2>\n<p>Obchodn\u00e9 meno alebo n\u00e1zov:<br \/>\n<strong>Nad\u00e1cia Kres\u0165ansk\u00e1 obnova<\/strong><\/p>\n<p>S\u00eddlo \u2013 ulica, \u010d\u00edslo, PS\u010c, obec:<br \/>\n<strong>Sl\u00e1dkovi\u010dova 16\/60, 96501 \u017diar nad Hronom<\/strong><\/p>\n<p>Pr\u00e1vna forma:<br \/>\n<strong>Nad\u00e1cia<\/strong><br \/>\nIdentifika\u010dn\u00e9 \u010d\u00edslo prij\u00edmate\u013ea \/ I\u010cO \/:<br \/>\n<strong>42001595<\/strong><\/p>\n<p><a href=\"http:\/\/www.nadaciakrestanskaobnova.sk\/wp-content\/uploads\/2021\/03\/2020.12.07_Vyhlasenie.pdf\" target=\"_blank\" rel=\"noopener noreferrer\">Vyhl\u00e1senie o pouk\u00e1zan\u00ed podielu zaplatenej dane z pr\u00edjmu r.2020<\/a><\/p>\n<p><a href=\"http:\/\/www.nadaciakrestanskaobnova.sk\/wp-content\/uploads\/2021\/03\/2018.12.07_priloha5.pdf\">Potvrdenie o zaplaten\u00ed dane z pr\u00edjmu r.2020<\/a><\/p>\n<p>Pre ostatn\u00fdch darcov a sponzorov \u010d\u00edslo \u00fa\u010dtu:<br \/>\n0411636062\/0900<br \/>\n<strong>SK7709000000000411636062\u00a0<\/strong><\/p>\n<p><a href=\"http:\/\/www.nadaciakrestanskaobnova.sk\/wp-content\/uploads\/2016\/07\/List-o-pomoc.pdf\" target=\"_blank\" rel=\"noopener noreferrer\">\u017dIADOS\u0164 O POMOC \/ December 2010<\/a><\/p>\n<form action=\"https:\/\/www.webhouse.sk\/?aff=167592\" method=\"post\" target=\"_blank\">www.<input name=\"domena_kuk\" type=\"text\" \/><input type=\"submit\" value=\"Je vo\u013en\u00e1?\" \/><\/form>\n<p><a href=\"http:\/\/www.webhouse.sk\/?aff=167592\" target=\"_blank\" rel=\"noopener noreferrer\"><img decoding=\"async\" src=\"http:\/\/www.webhouse.sk\/?ad=88x31\" \/><\/a><\/p>\n<p><b>Odpor\u00fa\u010dame najlep\u0161\u00ed <a href=\"http:\/\/www.webhouse.sk\/?aff=167592\" target=\"_blank\" rel=\"noopener noreferrer\">webhosting<\/a> a <a href=\"http:\/\/www.webhouse.sk\/?aff=167592\" target=\"_blank\" rel=\"noopener noreferrer\">dom\u00e9ny<\/a> za super ceny!<\/b><\/p>\n","protected":false},"excerpt":{"rendered":"<p>\u00dadaje o prij\u00edmate\u013eovi\u00a0 2% z dane: Obchodn\u00e9 meno alebo n\u00e1zov: Nad\u00e1cia Kres\u0165ansk\u00e1 obnova S\u00eddlo \u2013 ulica, \u010d\u00edslo, PS\u010c, obec: Sl\u00e1dkovi\u010dova 16\/60, 96501 \u017diar nad Hronom Pr\u00e1vna forma: Nad\u00e1cia Identifika\u010dn\u00e9 \u010d\u00edslo prij\u00edmate\u013ea \/ I\u010cO \/: 42001595 Vyhl\u00e1senie o pouk\u00e1zan\u00ed podielu zaplatenej &hellip; <a href=\"http:\/\/www.nadaciakrestanskaobnova.sk\/?page_id=96\">Pokra\u010dova\u0165 v \u010d\u00edtan\u00ed <span class=\"meta-nav\">&rarr;<\/span><\/a><\/p>\n","protected":false},"author":1,"featured_media":0,"parent":0,"menu_order":0,"comment_status":"closed","ping_status":"closed","template":"","meta":{"footnotes":""},"class_list":["post-96","page","type-page","status-publish","hentry"],"_links":{"self":[{"href":"http:\/\/www.nadaciakrestanskaobnova.sk\/index.php?rest_route=\/wp\/v2\/pages\/96","targetHints":{"allow":["GET"]}}],"collection":[{"href":"http:\/\/www.nadaciakrestanskaobnova.sk\/index.php?rest_route=\/wp\/v2\/pages"}],"about":[{"href":"http:\/\/www.nadaciakrestanskaobnova.sk\/index.php?rest_route=\/wp\/v2\/types\/page"}],"author":[{"embeddable":true,"href":"http:\/\/www.nadaciakrestanskaobnova.sk\/index.php?rest_route=\/wp\/v2\/users\/1"}],"replies":[{"embeddable":true,"href":"http:\/\/www.nadaciakrestanskaobnova.sk\/index.php?rest_route=%2Fwp%2Fv2%2Fcomments&post=96"}],"version-history":[{"count":35,"href":"http:\/\/www.nadaciakrestanskaobnova.sk\/index.php?rest_route=\/wp\/v2\/pages\/96\/revisions"}],"predecessor-version":[{"id":1953,"href":"http:\/\/www.nadaciakrestanskaobnova.sk\/index.php?rest_route=\/wp\/v2\/pages\/96\/revisions\/1953"}],"wp:attachment":[{"href":"http:\/\/www.nadaciakrestanskaobnova.sk\/index.php?rest_route=%2Fwp%2Fv2%2Fmedia&parent=96"}],"curies":[{"name":"wp","href":"https:\/\/api.w.org\/{rel}","templated":true}]}}